13*p + 13. Calculate i(-11).
-9
Let j(q) = -3*q**3 + q**2 - 2*q + 3. Determine j(2).
-21
Let d(c) = -2*c**3 + 4*c**2 + 2*c - 2. Give d(3).
-14
Let l(d) = 2*d + 12. Determine l(-9).
-6
Let v(f) = -f**3 + 14*f**2 - 12*f - 21. Calculate v(13).
-8
Let w(k) = k**3 + 10*k**2 + 15*k + 7. What is w(-8)?
15
Let s(j) = -j**3 - 14*j**2 + 2*j + 18. Determine s(-14).
-10
Let h(i) = -i**2 - 15*i - 18. What is h(-12)?
18
Let a(k) = -12*k - 95. Calculate a(-8).
1
Let b(m) = -m**3 - m**2 - m + 11. Determine b(0).
11
Let g(b) = -b**3 + 7*b**2 + 19*b + 2. Calculate g(9).
11
Let y(b) = b**3 - 6*b**2 + 5*b - 3. Determine y(5).
-3
Let y(z) = 12*z**2 - 2. Calculate y(-2).
46
Let j(r) = -3*r**3 + 24*r**2 + r - 9. What is j(8)?
-1
Let i(w) = -2*w**2 - 23*w - 19. Determine i(-8).
37
Let h(d) = -4*d**2 - d - 2. Calculate h(-2).
-16
Let p(x) = -3*x + 21. Give p(11).
-12
Let m(j) = j**3 + 7*j**2 + 5*j - 4. What is m(-7)?
-39
Let z(w) = w + 36. What is z(-7)?
29
Let t(u) = u**2 - u + 9. Determine t(0).
9
Let t(o) = -o + 10. What is t(16)?
-6
Let v(p) = -p**2 - 8*p - 8. Determine v(-6).
4
Let w(a) = -2*a**3 - a**2 + 21. Give w(0).
21
Let x(c) = 4*c + 106. Calculate x(-24).
10
Let m(g) = -4*g**2 + 23*g - 22. What is m(6)?
-28
Let x(o) = -22*o**2 - 4*o + 3. Calculate x(2).
-93
Let v(p) = p**2 - 19*p + 60. Determine v(11).
-28
Let j(n) = 21*n**2 + 170*n + 10. Determine j(-8).
-6
Let f(g) = -g - 10. What is f(-15)?
5
Let l(b) = b**2 + 17*b - 12. Determine l(-14).
-54
Let n(y) = -3*y + 23. What is n(-7)?
44
Let w(c) = 2*c**3 + 13*c**2 - 5*c - 19. What is w(-7)?
-33
Let q(h) = h**3 - 9*h + 14. What is q(-6)?
-148
Let i(k) = k**3 - 5*k**2 + 8*k - 11. Give i(4).
5
Let q(c) = c**3 + 10*c**2 + 17*c. Give q(-8).
-8
Let t(y) = y**2 + 13*y - 20. Determine t(-14).
-6
Let j(w) = 2*w**2 - w - 9. Calculate j(0).
-9
Let r(f) = f**3 + 55*f**2 + 14. Calculate r(-55).
14
Let s(w) = -w**3 - 9*w**2 - 7*w - 6. What is s(-8)?
-14
Let i(x) = 4*x + 2. Determine i(2).
10
Let f(v) = -v**2 + v + 48. Give f(7).
6
Let h(o) = o**3 - 2*o**2 - 4*o + 7. Determine h(3).
4
Let t(q) = -q**2 + 9*q - 8. Determine t(5).
12
Let q(h) = h**3 + 7*h**2 - 21*h - 34. What is q(-9)?
-7
Let s(c) = 4*c - 42. Calculate s(11).
2
Let b(d) = -d**2 - 5*d + 114. Calculate b(-13).
10
Let u(k) = 8*k**2 - 7*k + 10. Give u(2).
28
Let r(w) = -16*w**2 - 2*w + 1. What is r(1)?
-17
Let n(d) = 17*d - 118. Calculate n(0).
-118
Let u(i) = i**3 - 13*i**2 + 36*i + 3. What is u(5)?
-17
Let a(h) = -h**2 + 4*h - 6. Calculate a(5).
-11
Let n(r) = r**3 + r**2 - 2*r + 12. Give n(0).
12
Let h(x) = -2*x**2 - 2*x + 4. Give h(-4).
-20
Let q(p) = 23*p + 46. Give q(-2).
0
Let t(x) = -16*x + 2. Give t(2).
-30
Let y(x) = 6*x + 11. Give y(0).
11
Let g(u) = -4*u**3 - 1. Give g(1).
-5
Let s(v) = 3*v**2 - 6*v - 107. Calculate s(7).
-2
Let b(h) = -h**2 + 4*h + 28. Determine b(8).
-4
Let y(m) = -5*m**2 - 2*m + 3. What is y(1)?
-4
Let v(m) = -2*m**2 - 3*m + 5. What is v(-4)?
-15
Let s(p) = -p**3 + 9*p**2 - 10*p - 8. Calculate s(8).
-24
Let c(h) = h**3 - 8*h**2 - 4*h + 26. Give c(8).
-6
Let o(b) = -2*b**2 + 5*b + 50. Determine o(-5).
-25
Let u(t) = 7*t**2 + t - 11. Determine u(-2).
15
Let i(m) = 4*m - 6. What is i(-6)?
-30
Let p(h) = 2*h + 4. Determine p(-11).
-18
Let f(a) = -89*a**2 - 4*a + 3. What is f(1)?
-90
Let j(s) = -30*s**2 - 2*s - 2. Give j(-1).
-30
Let q(u) = u**2 + 2*u - 4. What is q(-3)?
-1
Let j(t) = 2*t + 2. Calculate j(-1).
0
Let x(k) = k**3 + 5*k**2 + k + 4. Give x(0).
4
Let f(m) = -3*m**2 - 4*m - 8. Give f(-6).
-92
Let o(f) = 31*f**3 + 2*f**2 - f. Give o(1).
32
Let k(t) = -5*t + 16. Determine k(5).
-9
Let v(w) = 6*w - 9. Calculate v(-7).
-51
Let h(a) = a**2 - 7. What is h(5)?
18
Let d(r) = r**3 + 2*r**2 - 14*r - 26. What is d(-4)?
-2
Let k(n) = -n**2 - 4*n + 21. Give k(-7).
0
Let z(s) = -4*s**2 + 157*s + 287. Determine z(41).
0
Let r(j) = j**2 + 2*j - 62. Give r(-6).
-38
Let l(q) = -2*q**2 - 2*q + 7. Determine l(3).
-17
Let d(y) = -16*y + 16. Calculate d(-8).
144
Let f(q) = q**3 + 6*q**2 - 5*q + 2. Determine f(-7).
-12
Let t(g) = -g**3 + 7*g**2 + 8*g + 11. What is t(6)?
95
Let z(m) = -20*m - 769. What is z(-39)?
11
Let s(i) = -i**3 - 33*i**2 + 69*i - 38. Determine s(-35).
-3
Let c(t) = -2*t**2 + 10*t + 101. Determine c(10).
1
Let p(h) = -h**2 + 28*h - 164. Determine p(19).
7
Let u(n) = -10*n + 676. Determine u(67).
6
Let y(w) = -w**3 + 7*w**2 + 27*w - 200. What is y(6)?
-2
Let d(l) = -l + 13. What is d(0)?
13
Let s(r) = -11*r + 125. Determine s(11).
4
Let k(g) = 9*g - 5. Calculate k(2).
13
Let v(x) = -x**3 + 17*x**2 - 9*x - 112. Calculate v(16).
0
Let k(g) = 2*g - 8. Give k(-5).
-18
Let a(x) = -17*x + 72. Give a(5).
-13
Let z(g) = 11*g + 4. Give z(-4).
-40
Let w(p) = 2*p**2 + 42*p + 150. Calculate w(-16).
-10
Let u(b) = -b**3 + 32*b**2 - b + 23. Calculate u(32).
-9
Let v(f) = -f**2 + 52*f - 41. Determine v(51).
10
Let s(b) = 5*b**3 + 1. Give s(1).
6
Let p(r) = 26*r**2 - 2*r + 1. Give p(1).
25
Let h(w) = w**3 + 8*w**2 - 12*w + 9. Calculate h(-8).
105
Let t(i) = -i + 9. Calculate t(15).
-6
Let v(x) = -22*x - 748. What is v(-34)?
0
Let h(z) = -3*z**2 + 3*z - 1. Determine h(1).
-1
Let w(j) = -j**2 + 15*j - 19. What is w(15)?
-19
Let a(z) = -z**3 + z + 6. Determine a(4).
-54
Let g(b) = -7*b - 39. Give g(-5).
-4
Let d(k) = 23*k - 7. Calculate d(3).
62
Let v(c) = c**2 + 2*c - 1. Determine v(4).
23
Let w(k) = -k**2 + 16*k - 65. Give w(11).
-10
Let q(o) = -o**3 - 3*o**2 + 5*o - 3. Calculate q(-4).
-7
Let o(b) = 4*b**2 + 24*b + 17. Calculate o(-5).
-3
Let c(v) = v**3 - 19*v**2 + 2*v - 36. Determine c(19).
2
Let u(p) = -p**3 - 11*p**2 - 14*p - 13. Determine u(-10).
27
Let w(g) = g**3 + g**2 - g - 8. Give w(0).
-8
Let o(d) = d**2 - 16*d + 50. Give o(11).
-5
Let o(f) = -11*f + 9. Give o(-6).
75
Let x(p) = -3*p + 52. Calculate x(18).
-2
Let c(g) = 9*g - 7. Give c(0).
-7
Let s(b) = b**2 - 2*b - 2. Calculate s(-1).
1
Let t(k) = -k**3 - 7*k**2 - 5*k. Determine t(-6).
-6
Let d(s) = -2*s + 8. Give d(4).
0
Let j(a) = -3*a - 13. Give j(-7).
8
Let u(j) = -j**3 + 11*j**2 - 14*j - 8. Calculate u(10).
-48
Let t(g) = 5*g + 23. Calculate t(-4).
3
Let m(j) = 10*j - 1. Calculate m(-2).
-21
Let r(d) = d**3 - d**2 - 38. Calculate r(0).
-38
Let y(k) = -k**2 + 10*k - 11. Calculate y(11).
-22
Let t(n) = n - 5. Give t(6).
1
Let h(x) = 3*x**3 - 13*x**2 - 11*x + 11. Give h(5).
6
Let r(w) = 52*w - 104. Calculate r(2).
0
Let b(g) = -g - 1. Determine b(0).
-1
Let n(j) = j**3 - 5*j**2 - j + 24. What is n(4)?
4
Let q(w) = -12*w + 24. Calculate q(7).
-60
Let a(z) = 2*z + 69. Give a(-10).
49
Let l(c) = -c**3 + 5*c**2 + 16*c + 19. Calculate l(8).
-45
Let d(p) = -p**2 - p + 30. What is d(0)?
30
Let i(q) = q**2 + 5*q - 31. Calculate i(-9).
5
Let d(v) = v**3 + 22*v**2 - 22*v + 1. Give d(-23).
-22
Let m(q) = 9*q**2 - 198*q + 7. Give m(22).
7
Let c(u) = -u**2 - u + 8. Give c(7).
-48
Let y(o) = o**2 + 35*o + 266. Determine y(-12).
-10
Let y(v) = 13*v**2 - 3*v - 5. Determine y(-1).
11
Let h(d) = -2*d**2 + 11*d - 25. What is h(6)?
-31
Let p(u) = -u**2 + 11*u + 7. Determine p(10).
17
Let z(r) = 2*r**2 - r + 3. What is z(0)?
3
Let u(y) = -5*y - 24. Determine u(-7).
11
Let r(o) = 2*o**3 + 14. What is r(0)?
14
Let v(h) = h**2 + 8*h - 1. What is v(-12)?
47
Let w(s) = -s**3 + 13*s**2 + 2*s - 2. Calculate w(13).
24
Let m(r) = 8*r + 14. Calculate m(-10).
-66
Let k(v) = -v**2 - 14*v + 14. What is k(-15)?
-1
Let g(p) = 6*p + 66. What is g(-10)?
6
Let v(z) = -z**3 + z**2 + 5. Calculate v(-4).
85
Let t(w) = 6*w + 1. Give t(-8).
-47
Let s(g) = 6*g**3 - 19*g**2 + 1. Determine s(3).
-8
Let n(w) = w**3 + w**2 - 6*w - 11. Determine n(-2).
-3
Let x(l) = l**2 - 8*l - 4. Give x(8).
-4
Let v(k) = -3*k**2 - 6*k + 10. Determine v(5).
-95
Let s(f) = 4*f**2 - 4*f - 6. Determine s(4).
42
Let n(s) = 103*s**2 + 4*s - 3. What is n(1)?
104
Let w(q) = 2*q + 12. What is w(0)?
12
Let z(u) = u**3 - 3*u**2 - 4*u - 2. Give z(-1).
-2
Let x(c) = -c**3 - c**2 + 14. What is x(0)?
14
Let o(w) = -w**2 + 6*w + 67. Determine o(10).
27
Let l(d) = -d**2 - 24*d - 45. Determine l(-18).
63
Let v(a) = -a**3 - 3*a**2 + 3*a - 4. What is v(2)?
-18
Let o(p) = 2*p**3 + 17*p**2 - 10*p - 4. Calculate o(-9).
5
Let m(h) = -3*h - 1. Give m(6).
-19
Let c(d) = -d**2 - 12*d + 4. What is c(-12)?
4
Let s(v) = 2*v + 34. What is s(-16)?
2
Let l(s) = 8*s + 17. G